[INFO] cloning repository https://github.com/YoungHaKim7/yew-app
[INFO] running `Command { std: "git" "-c" "credential.helper=" "-c" "credential.helper=/workspace/cargo-home/bin/git-credential-null" "clone" "--bare" "https://github.com/YoungHaKim7/yew-app" "/workspace/cache/git-repos/https%3A%2F%2Fgithub.com%2FYoungHaKim7%2Fyew-app", kill_on_drop: false }`
[INFO] [stderr] Cloning into bare repository '/workspace/cache/git-repos/https%3A%2F%2Fgithub.com%2FYoungHaKim7%2Fyew-app'...
[INFO] running `Command { std: "git" "rev-parse" "HEAD", kill_on_drop: false }`
[INFO] [stdout] d75b0260514257497ba0085ed56143a76c56430e
[INFO] checking YoungHaKim7/yew-app against master#e6e4f7ed1589e03bc2f6c5931c1a72e7947e8682 for beta-170-4
[INFO] running `Command { std: "git" "clone" "/workspace/cache/git-repos/https%3A%2F%2Fgithub.com%2FYoungHaKim7%2Fyew-app" "/workspace/builds/worker-6-tc2/source", kill_on_drop: false }`
[INFO] [stderr] Cloning into '/workspace/builds/worker-6-tc2/source'...
[INFO] [stderr] done.
[INFO] validating manifest of git repo https://github.com/YoungHaKim7/yew-app on toolchain e6e4f7ed1589e03bc2f6c5931c1a72e7947e8682
[INFO] running `Command { std: CARGO_HOME="/workspace/cargo-home" RUSTUP_HOME="/workspace/rustup-home" "/workspace/cargo-home/bin/cargo" "+e6e4f7ed1589e03bc2f6c5931c1a72e7947e8682" "metadata" "--manifest-path" "Cargo.toml" "--no-deps", kill_on_drop: false }`
[INFO] started tweaking git repo https://github.com/YoungHaKim7/yew-app
[INFO] finished tweaking git repo https://github.com/YoungHaKim7/yew-app
[INFO] tweaked toml for git repo https://github.com/YoungHaKim7/yew-app written to /workspace/builds/worker-6-tc2/source/Cargo.toml
[INFO] crate git repo https://github.com/YoungHaKim7/yew-app already has a lockfile, it will not be regenerated
[INFO] running `Command { std: CARGO_HOME="/workspace/cargo-home" RUSTUP_HOME="/workspace/rustup-home" "/workspace/cargo-home/bin/cargo" "+e6e4f7ed1589e03bc2f6c5931c1a72e7947e8682" "fetch" "--manifest-path" "Cargo.toml", kill_on_drop: false }`
[INFO] running `Command { std: "docker" "create" "-v" "/var/lib/crater-agent-workspace/builds/worker-6-tc2/target:/opt/rustwide/target:rw,Z" "-v" "/var/lib/crater-agent-workspace/builds/worker-6-tc2/source:/opt/rustwide/workdir:ro,Z" "-v" "/var/lib/crater-agent-workspace/cargo-home:/opt/rustwide/cargo-home:ro,Z" "-v" "/var/lib/crater-agent-workspace/rustup-home:/opt/rustwide/rustup-home:ro,Z" "-e" "SOURCE_DIR=/opt/rustwide/workdir" "-e" "CARGO_TARGET_DIR=/opt/rustwide/target" "-e" "CARGO_HOME=/opt/rustwide/cargo-home" "-e" "RUSTUP_HOME=/opt/rustwide/rustup-home" "-w" "/opt/rustwide/workdir" "-m" "1610612736" "--user" "0:0" "--network" "none" "ghcr.io/rust-lang/crates-build-env/linux@sha256:19e73879b68f455e41552ea35293514db52ea292d993f571636dbffedb77a1ee" "/opt/rustwide/cargo-home/bin/cargo" "+e6e4f7ed1589e03bc2f6c5931c1a72e7947e8682" "metadata" "--no-deps" "--format-version=1", kill_on_drop: false }`
[INFO] [stdout] 533adc0d8a34f24bb88cf3cc693011a2d809099d2712d87c7c0061b0f031f591
[INFO] running `Command { std: "docker" "start" "-a" "533adc0d8a34f24bb88cf3cc693011a2d809099d2712d87c7c0061b0f031f591", kill_on_drop: false }`
[INFO] running `Command { std: "docker" "inspect" "533adc0d8a34f24bb88cf3cc693011a2d809099d2712d87c7c0061b0f031f591", kill_on_drop: false }`
[INFO] running `Command { std: "docker" "rm" "-f" "533adc0d8a34f24bb88cf3cc693011a2d809099d2712d87c7c0061b0f031f591", kill_on_drop: false }`
[INFO] [stdout] 533adc0d8a34f24bb88cf3cc693011a2d809099d2712d87c7c0061b0f031f591
[INFO] running `Command { std: "docker" "create" "-v" "/var/lib/crater-agent-workspace/builds/worker-6-tc2/target:/opt/rustwide/target:rw,Z" "-v" "/var/lib/crater-agent-workspace/builds/worker-6-tc2/source:/opt/rustwide/workdir:ro,Z" "-v" "/var/lib/crater-agent-workspace/cargo-home:/opt/rustwide/cargo-home:ro,Z" "-v" "/var/lib/crater-agent-workspace/rustup-home:/opt/rustwide/rustup-home:ro,Z" "-e" "SOURCE_DIR=/opt/rustwide/workdir" "-e" "CARGO_TARGET_DIR=/opt/rustwide/target" "-e" "CARGO_INCREMENTAL=0" "-e" "RUST_BACKTRACE=full" "-e" "RUSTFLAGS=--cap-lints=forbid" "-e" "RUSTDOCFLAGS=--cap-lints=forbid" "-e" "CARGO_HOME=/opt/rustwide/cargo-home" "-e" "RUSTUP_HOME=/opt/rustwide/rustup-home" "-w" "/opt/rustwide/workdir" "-m" "1610612736" "--user" "0:0" "--network" "none" "ghcr.io/rust-lang/crates-build-env/linux@sha256:19e73879b68f455e41552ea35293514db52ea292d993f571636dbffedb77a1ee" "/opt/rustwide/cargo-home/bin/cargo" "+e6e4f7ed1589e03bc2f6c5931c1a72e7947e8682" "check" "--frozen" "--all" "--all-targets" "--message-format=json", kill_on_drop: false }`
[INFO] [stdout] a94fb1552c0cc7698c26955deb4cb64cf7892a5e975e86becc1050381be4c0e5
[INFO] running `Command { std: "docker" "start" "-a" "a94fb1552c0cc7698c26955deb4cb64cf7892a5e975e86becc1050381be4c0e5", kill_on_drop: false }`
[INFO] [stderr]    Compiling proc-macro2 v1.0.40
[INFO] [stderr]    Compiling quote v1.0.20
[INFO] [stderr]    Compiling unicode-ident v1.0.1
[INFO] [stderr]    Compiling syn v1.0.98
[INFO] [stderr]    Compiling wasm-bindgen-shared v0.2.81
[INFO] [stderr]    Compiling serde_derive v1.0.137
[INFO] [stderr]    Compiling log v0.4.17
[INFO] [stderr]    Compiling lazy_static v1.4.0
[INFO] [stderr]    Compiling bumpalo v3.10.0
[INFO] [stderr]    Compiling serde v1.0.137
[INFO] [stderr]    Compiling serde_json v1.0.81
[INFO] [stderr]    Compiling wasm-bindgen v0.2.81
[INFO] [stderr]     Checking ryu v1.0.10
[INFO] [stderr]     Checking itoa v1.0.2
[INFO] [stderr]    Compiling indexmap v1.9.1
[INFO] [stderr]     Checking hashbrown v0.12.1
[INFO] [stderr]    Compiling boolinator v2.4.0
[INFO] [stderr]     Checking scoped-tls-hkt v0.1.2
[INFO] [stderr]    Compiling proc-macro-error-attr v1.0.4
[INFO] [stderr]    Compiling wasm-bindgen-backend v0.2.81
[INFO] [stderr]    Compiling proc-macro-error v1.0.4
[INFO] [stderr]    Compiling wasm-bindgen-macro-support v0.2.81
[INFO] [stderr]    Compiling thiserror-impl v1.0.31
[INFO] [stderr]    Compiling yew-macro v0.19.3
[INFO] [stderr]    Compiling wasm-bindgen-macro v0.2.81
[INFO] [stderr]     Checking thiserror v1.0.31
[INFO] [stderr]     Checking js-sys v0.3.58
[INFO] [stderr]     Checking console_error_panic_hook v0.1.7
[INFO] [stderr]     Checking web-sys v0.3.58
[INFO] [stderr]     Checking gloo-timers v0.2.4
[INFO] [stderr]     Checking wasm-bindgen-futures v0.4.31
[INFO] [stderr]     Checking gloo-utils v0.1.4
[INFO] [stderr]     Checking gloo-events v0.1.2
[INFO] [stderr]     Checking gloo-dialogs v0.1.1
[INFO] [stderr]     Checking gloo-render v0.1.1
[INFO] [stderr]     Checking gloo-console v0.2.1
[INFO] [stderr]     Checking gloo-storage v0.2.1
[INFO] [stderr]     Checking gloo-file v0.2.1
[INFO] [stderr]     Checking gloo v0.4.2
[INFO] [stderr]     Checking yew v0.19.3
[INFO] [stderr]     Checking yew-app v0.1.0 (/opt/rustwide/workdir)
[INFO] [stdout] error[E0425]: cannot find value `on_click` in this scope
[INFO] [stdout]   --> src/main.rs:19:20
[INFO] [stdout]    |
[INFO] [stdout] 19 |     let on_click = on_click.clone();
[INFO] [stdout]    |                    ^^^^^^^^ not found in this scope
[INFO] [stdout] 
[INFO] [stdout] 
[INFO] [stdout] error[E0425]: cannot find value `on_click` in this scope
[INFO] [stdout]   --> src/main.rs:19:20
[INFO] [stdout]    |
[INFO] [stdout] 19 |     let on_click = on_click.clone();
[INFO] [stdout]    |                    ^^^^^^^^ not found in this scope
[INFO] [stdout] 
[INFO] [stdout] 
[INFO] [stdout] error[E0425]: cannot find value `videos` in this scope
[INFO] [stdout]   --> src/main.rs:36:18
[INFO] [stdout]    |
[INFO] [stdout] 36 |     let videos = videos
[INFO] [stdout]    |                  ^^^^^^ not found in this scope
[INFO] [stdout] 
[INFO] [stdout] 
[INFO] [stdout] error[E0425]: cannot find value `videos` in this scope
[INFO] [stdout]   --> src/main.rs:36:18
[INFO] [stdout]    |
[INFO] [stdout] 36 |     let videos = videos
[INFO] [stdout]    |                  ^^^^^^ not found in this scope
[INFO] [stdout] 
[INFO] [stdout] 
[INFO] [stdout] error[E0027]: pattern does not mention field `on_click`
[INFO] [stdout]   --> src/main.rs:18:16
[INFO] [stdout]    |
[INFO] [stdout] 18 | fn videos_list(VideosListProps { videos }: &VideosListProps) -> Html {
[INFO] [stdout]    |                ^^^^^^^^^^^^^^^^^^^^^^^^^^ missing field `on_click`
[INFO] [stdout]    |
[INFO] [stdout] help: include the missing field in the pattern
[INFO] [stdout]    |
[INFO] [stdout] 18 | fn videos_list(VideosListProps { videos, on_click }: &VideosListProps) -> Html {
[INFO] [stdout]    |                                        ~~~~~~~~~~~~
[INFO] [stdout] help: if you don't care about this missing field, you can explicitly ignore it
[INFO] [stdout]    |
[INFO] [stdout] 18 | fn videos_list(VideosListProps { videos, .. }: &VideosListProps) -> Html {
[INFO] [stdout]    |                                        ~~~~~~
[INFO] [stdout] 
[INFO] [stdout] 
[INFO] [stdout] error[E0027]: pattern does not mention field `on_click`
[INFO] [stdout]   --> src/main.rs:18:16
[INFO] [stdout]    |
[INFO] [stdout] 18 | fn videos_list(VideosListProps { videos }: &VideosListProps) -> Html {
[INFO] [stdout]    |                ^^^^^^^^^^^^^^^^^^^^^^^^^^ missing field `on_click`
[INFO] [stdout]    |
[INFO] [stdout] help: include the missing field in the pattern
[INFO] [stdout]    |
[INFO] [stdout] 18 | fn videos_list(VideosListProps { videos, on_click }: &VideosListProps) -> Html {
[INFO] [stdout]    |                                        ~~~~~~~~~~~~
[INFO] [stdout] help: if you don't care about this missing field, you can explicitly ignore it
[INFO] [stdout]    |
[INFO] [stdout] 18 | fn videos_list(VideosListProps { videos, .. }: &VideosListProps) -> Html {
[INFO] [stdout]    |                                        ~~~~~~
[INFO] [stdout] 
[INFO] [stdout] 
[INFO] [stdout] error[E0599]: no method named `videos` found for struct `VideosListPropsBuilder<VideosListPropsBuilderStep_missing_required_prop_on_click>` in the current scope
[INFO] [stdout]   --> src/main.rs:51:25
[INFO] [stdout]    |
[INFO] [stdout] 11 | #[derive(Clone, Properties, PartialEq)]
[INFO] [stdout]    |                 ---------- method `videos` not found for this struct
[INFO] [stdout] ...
[INFO] [stdout] 51 |             <VideosList videos={videos} />
[INFO] [stdout]    |                         ^^^^^^ method not found in `VideosListPropsBuilder<VideosListPropsBuilderStep_missing_required_prop_on_click>`
[INFO] [stdout]    |
[INFO] [stdout]    = note: the method was found for
[INFO] [stdout]            - `VideosListPropsBuilder<VideosListPropsBuilderStep_missing_required_prop_videos>`
[INFO] [stdout] 
[INFO] [stdout] 
[INFO] [stdout] error[E0599]: no method named `videos` found for struct `VideosListPropsBuilder<VideosListPropsBuilderStep_missing_required_prop_on_click>` in the current scope
[INFO] [stdout]   --> src/main.rs:51:25
[INFO] [stdout]    |
[INFO] [stdout] 11 | #[derive(Clone, Properties, PartialEq)]
[INFO] [stdout]    |                 ---------- method `videos` not found for this struct
[INFO] [stdout] ...
[INFO] [stdout] 51 |             <VideosList videos={videos} />
[INFO] [stdout]    |                         ^^^^^^ method not found in `VideosListPropsBuilder<VideosListPropsBuilderStep_missing_required_prop_on_click>`
[INFO] [stdout]    |
[INFO] [stdout]    = note: the method was found for
[INFO] [stdout]            - `VideosListPropsBuilder<VideosListPropsBuilderStep_missing_required_prop_videos>`
[INFO] [stdout] 
[INFO] [stdout] 
[INFO] [stdout] error: aborting due to 4 previous errors
[INFO] [stdout] 
[INFO] [stdout] 
[INFO] [stdout] Some errors have detailed explanations: E0027, E0425, E0599.
[INFO] [stdout] 
[INFO] [stdout] For more information about an error, try `rustc --explain E0027`.
[INFO] [stdout] 
[INFO] [stdout] error: aborting due to 4 previous errors
[INFO] [stdout] 
[INFO] [stdout] 
[INFO] [stdout] Some errors have detailed explanations: E0027, E0425, E0599.
[INFO] [stdout] 
[INFO] [stdout] For more information about an error, try `rustc --explain E0027`.
[INFO] [stdout] 
[INFO] [stderr] error: could not compile `yew-app` (bin "yew-app") due to 5 previous errors
[INFO] [stderr] warning: build failed, waiting for other jobs to finish...
[INFO] [stderr] error: could not compile `yew-app` (bin "yew-app" test) due to 5 previous errors
[INFO] running `Command { std: "docker" "inspect" "a94fb1552c0cc7698c26955deb4cb64cf7892a5e975e86becc1050381be4c0e5", kill_on_drop: false }`
[INFO] running `Command { std: "docker" "rm" "-f" "a94fb1552c0cc7698c26955deb4cb64cf7892a5e975e86becc1050381be4c0e5", kill_on_drop: false }`
[INFO] [stdout] a94fb1552c0cc7698c26955deb4cb64cf7892a5e975e86becc1050381be4c0e5
